{"id":1323,"date":"2017-03-01T23:08:01","date_gmt":"2017-03-01T22:08:01","guid":{"rendered":"http:\/\/www.free2move.at\/?page_id=1323"},"modified":"2017-03-06T11:49:22","modified_gmt":"2017-03-06T10:49:22","slug":"fur-wen","status":"publish","type":"page","link":"http:\/\/www.free2move.at\/?page_id=1323","title":{"rendered":"F\u00fcr wen"},"content":{"rendered":"<p>Die Validationsmethode ist eine Theorie und eine Methode, um mit sehr alten, desorientierten Menschen zu kommunizieren, bei denen h\u00e4ufig die Diagnose Alters-Alzheimer gestellt wurde. Sie wird bei desorientierten, sehr alten Menschen (\u00fcber 75 Jahre) angewendet, die sich laut Feil in folgenden Stadien befinden:<\/p>\n<ul>\n<li><span style=\"color: #333333; font-size: medium;\">Die mangelhafte Orientierung<\/span><\/li>\n<li><span style=\"color: #333333; font-size: medium;\">Die Zeitverwirrtheit<\/span><\/li>\n<li><span style=\"color: #333333; font-size: medium;\">Sich wiederholende Bewegungen<\/span><\/li>\n<li><span style=\"color: #333333; font-size: medium;\">Das Vegetieren<br \/>\n<\/span><\/li>\n<\/ul>\n<p>Sehr alte Menschen, die unf\u00e4hig sind mit k\u00f6rperlichen, sozialen und psychischen Verlusten umzugehen, <strong>kann eine Validation helfen<\/strong>. So kann Isolation, R\u00fcckzug und das Sich-Hineinversetzten in die Vergangenheit vermindert werden. Wenn die Vergangenheit wichtiger wird als die Gegenwart, kann es kommen, dass Erlebnisse der Vergangenheit zur Gegenwart werden.<br \/>\nDie Validation bietet M\u00f6glichkeiten in der verbalen und nonverbalen Kommunikation um dem entgegen zu steuern.<\/p>\n<p><span style=\"text-decoration: underline;\">Valdiation kann bei desorientierte sehr alte Menschenan angewendet werden, die<\/span>:<\/p>\n<ul>\n<li>kein flexibles Verhaltensrepertoire besitzen<\/li>\n<li>an \u00fcberholten Rollen festhalten<\/li>\n<li>mit unbew\u00e4ltigten Gef\u00fchlen ringen m\u00fcssen<\/li>\n<li>andere Menschen beschuldigen<\/li>\n<li>Angst vor ihren Verlusten haben und diese versuchen zu verleugnen<\/li>\n<li>die sich in den 4 Phasen der Aufarbeitung laut Feil befinden<\/li>\n<\/ul>\n<p>&nbsp;<\/p>\n<p>&nbsp;<\/p>\n<p>&nbsp;<\/p>\n<div><a title=\"Seite bearbeiten\" href=\"http:\/\/www.free2move.at\/wp-admin\/post.php?post=1315&amp;action=edit\">Bearbeiten<\/a><\/div>\n","protected":false},"excerpt":{"rendered":"<p>Die Validationsmethode ist eine Theorie und eine Methode, um mit sehr alten, desorientierten Menschen zu kommunizieren, bei denen h\u00e4ufig die Diagnose Alters-Alzheimer gestellt wurde. Sie wird bei desorientierten, sehr alten Menschen (\u00fcber 75 Jahre) angewendet, die sich laut Feil in folgenden Stadien befinden: Die mangelhafte Orientierung Die Zeitverwirrtheit Sich wiederholende Bewegungen Das Vegetieren Sehr alte [&hellip;]<\/p>\n","protected":false},"author":1,"featured_media":0,"parent":1315,"menu_order":1,"comment_status":"closed","ping_status":"closed","template":"","meta":[],"_links":{"self":[{"href":"http:\/\/www.free2move.at\/index.php?rest_route=\/wp\/v2\/pages\/1323"}],"collection":[{"href":"http:\/\/www.free2move.at\/index.php?rest_route=\/wp\/v2\/pages"}],"about":[{"href":"http:\/\/www.free2move.at\/index.php?rest_route=\/wp\/v2\/types\/page"}],"author":[{"embeddable":true,"href":"http:\/\/www.free2move.at\/index.php?rest_route=\/wp\/v2\/users\/1"}],"replies":[{"embeddable":true,"href":"http:\/\/www.free2move.at\/index.php?rest_route=%2Fwp%2Fv2%2Fcomments&post=1323"}],"version-history":[{"count":8,"href":"http:\/\/www.free2move.at\/index.php?rest_route=\/wp\/v2\/pages\/1323\/revisions"}],"predecessor-version":[{"id":1346,"href":"http:\/\/www.free2move.at\/index.php?rest_route=\/wp\/v2\/pages\/1323\/revisions\/1346"}],"up":[{"embeddable":true,"href":"http:\/\/www.free2move.at\/index.php?rest_route=\/wp\/v2\/pages\/1315"}],"wp:attachment":[{"href":"http:\/\/www.free2move.at\/index.php?rest_route=%2Fwp%2Fv2%2Fmedia&parent=1323"}],"curies":[{"name":"wp","href":"https:\/\/api.w.org\/{rel}","templated":true}]}}