{"id":1325,"date":"2017-03-01T23:08:14","date_gmt":"2017-03-01T22:08:14","guid":{"rendered":"http:\/\/www.free2move.at\/?page_id=1325"},"modified":"2017-03-06T12:01:52","modified_gmt":"2017-03-06T11:01:52","slug":"wirkungsweise","status":"publish","type":"page","link":"http:\/\/www.free2move.at\/?page_id=1325","title":{"rendered":"Wirkungsweise"},"content":{"rendered":"<p>Ziele der Validation sind:<\/p>\n<ul>\n<li>Die M\u00f6glichkeit so lange als m\u00f6glich in der eigenen Wohnung bleiben zu k\u00f6nnen<\/li>\n<li>Die Wiederherstellung des Selbstwertes<\/li>\n<li>Reduktion von Stress und Angst<\/li>\n<li>Eine Rechtfertigung des gelebten Lebens zu finden<\/li>\n<li>Eine Begleitung der unausgetragenen Konflikte aus der Vergangenheit<\/li>\n<li>Reduktion chemischer und physischer Zwangsmittel<\/li>\n<li>Verbesserung der verbalen und nonverbalen Kommunikation<\/li>\n<li>Verhinderung eines R\u00fcckzuges in das Vegetieren<\/li>\n<li>Verbesserung des Gehverm\u00f6gens und des k\u00f6rperlichen Wohlbefindens<\/li>\n<li>Pflegern und Angeh\u00f6rigen Freude und neue Energie schenken<\/li>\n<li>Familien helfen, mit ihren desorientierten Angeh\u00f6rigen zu kommunizieren<\/li>\n<\/ul>\n<p>Die Wirkungsweise der Valdiation ist weiters :<\/p>\n<ul>\n<li>alte Menschen werden wieder wacher<\/li>\n<li>ihre soziale Kontrolle verbessert<\/li>\n<li>es kann zu einer Abnahme von Schreien, Auf- und Abgehen und Schlagen kommen<\/li>\n<li>Wut und Angst kann sich verringern<\/li>\n<li>der Gang kann\u00a0 verbessert werden<\/li>\n<li>der Sinn f\u00fcr Humor kann zur\u00fcck kehren<\/li>\n<\/ul>\n","protected":false},"excerpt":{"rendered":"<p>Ziele der Validation sind: Die M\u00f6glichkeit so lange als m\u00f6glich in der eigenen Wohnung bleiben zu k\u00f6nnen Die Wiederherstellung des Selbstwertes Reduktion von Stress und Angst Eine Rechtfertigung des gelebten Lebens zu finden Eine Begleitung der unausgetragenen Konflikte aus der Vergangenheit Reduktion chemischer und physischer Zwangsmittel Verbesserung der verbalen und nonverbalen Kommunikation Verhinderung eines R\u00fcckzuges [&hellip;]<\/p>\n","protected":false},"author":1,"featured_media":0,"parent":1315,"menu_order":2,"comment_status":"closed","ping_status":"closed","template":"","meta":[],"_links":{"self":[{"href":"http:\/\/www.free2move.at\/index.php?rest_route=\/wp\/v2\/pages\/1325"}],"collection":[{"href":"http:\/\/www.free2move.at\/index.php?rest_route=\/wp\/v2\/pages"}],"about":[{"href":"http:\/\/www.free2move.at\/index.php?rest_route=\/wp\/v2\/types\/page"}],"author":[{"embeddable":true,"href":"http:\/\/www.free2move.at\/index.php?rest_route=\/wp\/v2\/users\/1"}],"replies":[{"embeddable":true,"href":"http:\/\/www.free2move.at\/index.php?rest_route=%2Fwp%2Fv2%2Fcomments&post=1325"}],"version-history":[{"count":5,"href":"http:\/\/www.free2move.at\/index.php?rest_route=\/wp\/v2\/pages\/1325\/revisions"}],"predecessor-version":[{"id":1347,"href":"http:\/\/www.free2move.at\/index.php?rest_route=\/wp\/v2\/pages\/1325\/revisions\/1347"}],"up":[{"embeddable":true,"href":"http:\/\/www.free2move.at\/index.php?rest_route=\/wp\/v2\/pages\/1315"}],"wp:attachment":[{"href":"http:\/\/www.free2move.at\/index.php?rest_route=%2Fwp%2Fv2%2Fmedia&parent=1325"}],"curies":[{"name":"wp","href":"https:\/\/api.w.org\/{rel}","templated":true}]}}