{"id":30,"date":"2013-04-07T14:54:07","date_gmt":"2013-04-07T12:54:07","guid":{"rendered":"http:\/\/www.free2move.at\/?page_id=30"},"modified":"2020-07-09T14:09:08","modified_gmt":"2020-07-09T12:09:08","slug":"mein-angebot","status":"publish","type":"page","link":"http:\/\/www.free2move.at\/?page_id=30","title":{"rendered":"Mein Angebot"},"content":{"rendered":"<h1>1. Erfolgreiches Stressmanagement f\u00fcr Beruf und Karriere<\/h1>\n<p>Auf spielerische, kreative Weise entsteht ein Proze\u00df der <strong>k\u00f6rperliche Empfindungen<\/strong> bewu\u00dft macht und Defizite korrigieren l\u00e4\u00dft.<br \/>\nDas sch\u00f6pferische Potential lehrt uns die eigenen <strong>W\u00fcnsche und Visionen<\/strong> wieder ernst zu nehmen sowie Kr\u00e4nkungen nicht hinunter zu schlucken. Ich zeige Ihnen verschiedene <strong><span style=\"color: #000000;\">K\u00f6rper- und Selbstwahrnehmungs\u00fcbungen<\/span><\/strong>, <strong>Atem\u00fcbungen<\/strong>, sowie <strong>Entspannungstechniken<\/strong> wie Autogenes Training, K\u00f6rperreisen und Breema@ K\u00f6rper\u00fcbungen, um zur Ruhe zu kommen und um eine f\u00fcr sich passende Methode der Entspannung zu finden. In gezielten \u00dcbungen k\u00f6nnen Sie auf spielerische Weise erfahren, wie schwer es ist, leicht zu sein,\u00a0 wie sich Langsamkeit anf\u00fchlt, wieviel Freiraum Sie sich g\u00f6nnen, wie sie mit Ihren Grenzen umgehen und wodurch Sie Kraft tanken k\u00f6nnen.<\/p>\n<p>Aber auch das lustvolle Bewegen soll Ihnen zu mehr <strong>Kraft und Lebensfreude<\/strong> verhelfen. F\u00fcr den Gewinn von Lebenssinn sind Freude und Kreativit\u00e4t wichtige Faktoren. \u00dcber die Aktivierung von Freude kommen wir ganz besonders mit unseren Ressourcen in Kontakt. Damit wird es m\u00f6glich neue Perspektiven zu entwickeln und den eigenen Lebenssinn zu entdecken und zu festigen. Wenn Sie sich kraftlos f\u00fchlen, hilft\u00a0 ein kognitiver Zugang oft nur mehr wenig, dann ist es gut \u201ein Bewegung zu kommen\u201c.<\/p>\n<p><strong>Denn nur wer sich bewegt, bringt etwas in Bewegung!<br \/>\n<\/strong>Ziel ist es, das Selbstvertrauen zu st\u00e4rken und damit wieder mehr zum Gestalter des eigenen Lebens zu werden. Innere Unruhe und Anspannung k\u00f6nnen sich aufl\u00f6sen und diese buchst\u00e4bliche Erleichterung bringt ein ganz neues Gef\u00fchl von Freiheit mit sich.<\/p>\n<p>Folder:<a href=\"http:\/\/www.free2move.at\/wp-content\/uploads\/2013\/04\/Koller_Folder-b2b_2014_WEB.pdf\">Koller_Folder b2b_2014_WEB<\/a><\/p>\n<h1>2.\u00a0Meditative Entspannung<\/h1>\n<p>Kommen und genie\u00dfen Sie mit mir nach der Hektik des Alltags <strong>eine Stunde der Entspannung und Ruhe.<\/strong> In angenehmer Atmosph\u00e4re,\u00a0 reise ich mit Ihnen in der Phantasie in die Natur und ins Universum, um Kraft f\u00fcr die Herausforderungen des Lebens zu tanken.In angenehmer Position auf der Matte liegend oder sitzend, begleite ich Sie mit sanfter Musik und meiner Stimme auf einer Reise in Ihren K\u00f6rper und in verschiedene Phantasiewelten.\u00a0Mittels <strong>Autogenem Training<\/strong>, gef\u00fchrter <strong>Meditation<\/strong> und<strong> K\u00f6rperreisen<\/strong> konzentrieren wir uns auf unser Inneres um zu einer k\u00f6rperlichen und geistigen Entspannung zu gelangen. Durch verschiedene Einheiten werden Ihre Sinne in unterschiedlicher Form (Geh\u00f6r-, Tast- Geruchssinn) angeregt und ihre K\u00f6rperwahrnehmung aktiviert.<\/p>\n<p>Dieses Angebot wird f\u00fcr Firmen, Banken und Versicherungen angeboten.<br \/>\nBei Bedarf kontaktieren Sie mich bitte.<\/p>\n<h1>3. Psychosoziale Beratung im Einzelsetting<\/h1>\n<p>Als Lebensberaterin kann ich ihnen auch mit einem Gespr\u00e4ch Hilfe und Unterst\u00fctzung anbieten.<br \/>\nTermine in Neulengbach oder Wien nach telefonischer Voranmeldung.<\/p>\n<p>Siehe &#8211; <a title=\"Lebensberatung\" href=\"http:\/\/www.free2move.at\/?page_id=43\">Lebensberatung<\/a><\/p>\n<h1>\u00a0<b>4. Porzellanmalkurs mit Isi<\/b><\/h1>\n<p>Herr Isidor Stern ist seit 40 Jahren Porzellanmaler in der Wiener Augarten Manufaktur.<br \/>\nEr entwirft und bemalt seine eigenen, individuellen Kreationen im Atelier in Neulengbach und stellt diese in ganz \u00d6sterreich aus.<br \/>\nSeine Auftragsarbeiten f\u00fcr Geburtstage, Hochzeiten, Taufen und andere Jubil\u00e4en k\u00f6nnen individuell gestaltet und als Unikat verschenkt werden. Vielleicht wollen Sie auch ihr eigenes Speiseservice oder einfach einen Prozellangegenstand versch\u00f6nern lassen. Fragen Sie bez\u00fcglich Ihres Wunsches einfach unverbindlich nach. (mail: welcome@free2move.at oder Tel. direkt bei ihm: 0664 502 7511)<\/p>\n<p>In meiner Praxis werden von ihm Porzellanmalkurse angeboten.<br \/>\nTermine erst wieder ab Ende 2020.<\/p>\n<p><strong><span style=\"text-decoration: underline;\"><br \/>\n<\/span><\/strong><\/p>\n<p><strong>\u00a0<\/strong><\/p>\n<table width=\"13\" border=\"0\" cellpadding=\"0\">\n<tbody>\n<tr>\n<td><\/td>\n<td><\/td>\n<\/tr>\n<tr>\n<td><\/td>\n<td><\/td>\n<\/tr>\n<\/tbody>\n<\/table>\n<table width=\"10\">\n<tbody>\n<tr>\n<th scope=\"row\"><\/th>\n<td><\/td>\n<\/tr>\n<tr>\n<th scope=\"row\"><\/th>\n<td><\/td>\n<\/tr>\n<\/tbody>\n<\/table>\n","protected":false},"excerpt":{"rendered":"<p>1. Erfolgreiches Stressmanagement f\u00fcr Beruf und Karriere Auf spielerische, kreative Weise entsteht ein Proze\u00df der k\u00f6rperliche Empfindungen bewu\u00dft macht und Defizite korrigieren l\u00e4\u00dft. Das sch\u00f6pferische Potential lehrt uns die eigenen W\u00fcnsche und Visionen wieder ernst zu nehmen sowie Kr\u00e4nkungen nicht hinunter zu schlucken. Ich zeige Ihnen verschiedene K\u00f6rper- und Selbstwahrnehmungs\u00fcbungen, Atem\u00fcbungen, sowie Entspannungstechniken wie Autogenes [&hellip;]<\/p>\n","protected":false},"author":1,"featured_media":0,"parent":22,"menu_order":3,"comment_status":"closed","ping_status":"closed","template":"","meta":[],"_links":{"self":[{"href":"http:\/\/www.free2move.at\/index.php?rest_route=\/wp\/v2\/pages\/30"}],"collection":[{"href":"http:\/\/www.free2move.at\/index.php?rest_route=\/wp\/v2\/pages"}],"about":[{"href":"http:\/\/www.free2move.at\/index.php?rest_route=\/wp\/v2\/types\/page"}],"author":[{"embeddable":true,"href":"http:\/\/www.free2move.at\/index.php?rest_route=\/wp\/v2\/users\/1"}],"replies":[{"embeddable":true,"href":"http:\/\/www.free2move.at\/index.php?rest_route=%2Fwp%2Fv2%2Fcomments&post=30"}],"version-history":[{"count":80,"href":"http:\/\/www.free2move.at\/index.php?rest_route=\/wp\/v2\/pages\/30\/revisions"}],"predecessor-version":[{"id":1478,"href":"http:\/\/www.free2move.at\/index.php?rest_route=\/wp\/v2\/pages\/30\/revisions\/1478"}],"up":[{"embeddable":true,"href":"http:\/\/www.free2move.at\/index.php?rest_route=\/wp\/v2\/pages\/22"}],"wp:attachment":[{"href":"http:\/\/www.free2move.at\/index.php?rest_route=%2Fwp%2Fv2%2Fmedia&parent=30"}],"curies":[{"name":"wp","href":"https:\/\/api.w.org\/{rel}","templated":true}]}}