{"id":33,"date":"2013-04-07T14:55:24","date_gmt":"2013-04-07T12:55:24","guid":{"rendered":"http:\/\/www.free2move.at\/?page_id=33"},"modified":"2013-09-27T18:37:39","modified_gmt":"2013-09-27T16:37:39","slug":"tanz-tanztherapie","status":"publish","type":"page","link":"http:\/\/www.free2move.at\/?page_id=33","title":{"rendered":"Tanz &#038; Tanztherapie"},"content":{"rendered":"<blockquote>\n<p style=\"text-align: center;\"><strong><span style=\"color: #339966;\"><i>&#8222;Der Tanz ist die Offenbarung der Lebensfreude.&#8220; (Karl Peltzer)<\/i><\/span><\/strong><\/p>\n<p style=\"text-align: center;\">\n<\/blockquote>\n<p>Der Tanz diente schon immer der Kommunikation der Menschen. Er ist in allen Kulturen durch eigene Rituale verankert und dr\u00fcckt individuelle Lebensweisen der Menschen aus. Anfang des 20. Jahrhunderts hat sich der <strong>\u201eModerne Ausdruckstanz\u201c<\/strong> als eine &#8222;Gegenbewegung&#8220; zu den strengen Gesetzen des klassischen Balletts, entwickelt. Er ist gekennzeichnet von dem Versuch, zu einem nat\u00fcrlichen K\u00f6rper- und Bewegungsausdruck zur\u00fcckzukehren. Das \u201eKorsett wurde gesprengt\u201c, der strenge Drill, die Normierung und Formalisierung von Bewegungen wurden durch den individuellen Ausdruck im Tanz ersetzt. Die T\u00e4nzerinnen tanzten barfu\u00df und in weiten Gew\u00e4ndern und wollten zu einer urspr\u00fcnglichen Nat\u00fcrlichkeit zur\u00fcckkehren. Die Sehnsucht nach ganzheitlichem Erleben, nach Selbstentfaltung und Selbstbefreiung durch Tanz ist das zentrale Anliegen im Modernen Ausdruckstanz. Um diesen \u201einneren Tanz\u201c erleben zu k\u00f6nnen, biete ich einen eigenen Kurs im \u201eModernen Ausdruckstanz\u201c an.<\/p>\n<p>Zur gleichen Zeit der Entstehung des Modernen Ausdruckstanzes wurden Werke von S. Freud, A. Adler und C. G. Jung international popul\u00e4r und anerkannt. W\u00e4hrend die Psychoanalytiker den Fokus auf eine verbale Methode der Entschl\u00fcsselung des Unbewu\u00dften legten, begannen die T\u00e4nzer des Modernen Ausdruckstanzes mit der Methode der Beobachtung und der Verwendung von Bewegungen, einen Zugang zu den unbewu\u00dften Schichten der Pers\u00f6nlichkeit zu finden. So konzentrierten sich ber\u00fchmte Vertreterinnen des Modernen Ausdruckstanzes wie Marian Chace und Mary Whitehouse auf die Interaktion von Psyche und K\u00f6rper, die <strong>\u201ePsychotherapie durch Tanz\u201c<\/strong> entstand. In psychiatrischen Kliniken in Amerika entstand somit die Tanztherapie.<\/p>\n<p>Die Tanz -und Ausdruckstherapie ist eine <span style=\"color: #ff0000;\"><strong>erlebnisorientierte, k\u00fcnstlerische<\/strong> <strong>Therapieform<\/strong>,<\/span> die am einzigartigen Bewegungsausdruck jedes Menschen ansetzt. Sie macht sich die uralte Heilkraft des Tanzes zunutze.<br \/>\nEs ist ein Verfahren, das den Menschen als Ganzheit von K\u00f6rper-Geist-Seele betrachtet und die <span style=\"color: #339966;\"><strong>Selbstheilungskr\u00e4fte mobilisiert<\/strong>.<\/span><\/p>\n","protected":false},"excerpt":{"rendered":"<p>&#8222;Der Tanz ist die Offenbarung der Lebensfreude.&#8220; (Karl Peltzer) Der Tanz diente schon immer der Kommunikation der Menschen. Er ist in allen Kulturen durch eigene Rituale verankert und dr\u00fcckt individuelle Lebensweisen der Menschen aus. Anfang des 20. Jahrhunderts hat sich der \u201eModerne Ausdruckstanz\u201c als eine &#8222;Gegenbewegung&#8220; zu den strengen Gesetzen des klassischen Balletts, entwickelt. Er [&hellip;]<\/p>\n","protected":false},"author":1,"featured_media":0,"parent":0,"menu_order":2,"comment_status":"closed","ping_status":"closed","template":"","meta":[],"_links":{"self":[{"href":"http:\/\/www.free2move.at\/index.php?rest_route=\/wp\/v2\/pages\/33"}],"collection":[{"href":"http:\/\/www.free2move.at\/index.php?rest_route=\/wp\/v2\/pages"}],"about":[{"href":"http:\/\/www.free2move.at\/index.php?rest_route=\/wp\/v2\/types\/page"}],"author":[{"embeddable":true,"href":"http:\/\/www.free2move.at\/index.php?rest_route=\/wp\/v2\/users\/1"}],"replies":[{"embeddable":true,"href":"http:\/\/www.free2move.at\/index.php?rest_route=%2Fwp%2Fv2%2Fcomments&post=33"}],"version-history":[{"count":17,"href":"http:\/\/www.free2move.at\/index.php?rest_route=\/wp\/v2\/pages\/33\/revisions"}],"predecessor-version":[{"id":763,"href":"http:\/\/www.free2move.at\/index.php?rest_route=\/wp\/v2\/pages\/33\/revisions\/763"}],"wp:attachment":[{"href":"http:\/\/www.free2move.at\/index.php?rest_route=%2Fwp%2Fv2%2Fmedia&parent=33"}],"curies":[{"name":"wp","href":"https:\/\/api.w.org\/{rel}","templated":true}]}}