{"id":4,"date":"2013-04-07T13:07:31","date_gmt":"2013-04-07T11:07:31","guid":{"rendered":"http:\/\/www.free2move.at\/?page_id=4"},"modified":"2021-11-12T18:52:03","modified_gmt":"2021-11-12T17:52:03","slug":"home","status":"publish","type":"page","link":"http:\/\/www.free2move.at\/","title":{"rendered":"Home"},"content":{"rendered":"<h3 style=\"text-align: center;\"><strong><span style=\"color: #339966;\">Praxis &#8222;free2move-Doris Koller&#8220;<br \/>\n<\/span><\/strong><span style=\"color: #ff0000;\"><a title=\"&quot;6 Rhythmen - Barfusstanz&quot;\" href=\"http:\/\/www.free2move.at\/?page_id=41\"><span style=\"color: #ff0000;\"><strong>Tanztherapie<br \/>\nin Neulengbach und Wien<\/strong><\/span><\/a><\/span><\/h3>\n<p style=\"text-align: center;\"><a title=\"Seelenradio\" href=\"http:\/\/www.free2move.at\/?page_id=450\" target=\"_blank\" rel=\"noopener\"><span style=\"color: #ff0000;\">\u00a0<\/span><\/a><\/p>\n<p><strong><strong>Meine <\/strong>Angebote in meiner <span style=\"color: #000000;\">Praxis in Neulengbach <\/span>und in 1120 <span style=\"color: #000000;\">Wien<\/span> sind in den Bereichen:<\/strong><\/p>\n<ul>\n<li>Stressmanagement<\/li>\n<li>Tanz- und Ausdruckstherapie<\/li>\n<li>Lehrtherapie, Supervision und Ausbildungen in Tanztherapie<\/li>\n<li>Psychologische Beratung<\/li>\n<li>Coaching<\/li>\n<\/ul>\n<p>Meine Leidenschaften waren schon immer das Tanzen und die Psychologie. Mit der Tanztherapie konnte ich beides miteinander verbinden. Nachdem ich lange als Bankkauffrau gearbeitet habe, absolvierte ich im zweiten Bildungsweg eine vierj\u00e4hrige, tiefenpsychologisch fundierte\u00a0 Ausbildung zur <strong>Diplomierten Tanz- und Ausdruckstherapeutin (BTA)<\/strong>, sowie anschlie\u00dfend die Ausbildung zur <strong>Dipl. Lebens- und Sozialberaterin<\/strong>. Mein Wissen aus der Wirtschaft verbinde ich nun in meiner therapeutischen Arbeit und helfe vor allem Menschen, die sich <em>ausgebrannt, depressiv, traurig, leer, unsicher, m\u00fcde, antriebslos<\/em> usw f\u00fchlen.<br \/>\nIn Einzeltherapien kann ich zur Pr\u00e4vention von <strong>Burnout<\/strong> und <strong>Depressionen, <\/strong>mein psychologisches und tanztherapeutisches Wissen in diesem Bereich umsetzen.<\/p>\n<p>Ich arbeite ganzheitlich, mit Hilfe der Bewegungsanalyse nach Rudolf von Laban, mit <strong>kreativem<\/strong> <strong>Ausdruck, K\u00f6rperwahrnehmung und der Bewegung<\/strong> und unterst\u00fctze Sie unter anderem bei :<\/p>\n<p>&#8211; Psychosomatischen Beschwerden<br \/>\n&#8211; Essst\u00f6rungen<br \/>\n&#8211; Krisen nach Trennungen\/Scheidung\/Tod<br \/>\n&#8211; Mobbing am Arbeitsplatz<br \/>\n&#8211; Burnout\/Depression<br \/>\n&#8211; Aggression\/Autoaggression<br \/>\n&#8211; Suchtproblemen<br \/>\n&#8211; Neuorientierung<br \/>\n&#8211; Steigerung des Selbstwertes<br \/>\n&#8211; Schwierigkeiten sich abzugrenzen und &#8222;nein&#8220; zu sagen<br \/>\n&#8211; Pers\u00f6nlichkeitsst\u00f6rungen<br \/>\n&#8211; Angst- und Zwangserkrankungen<br \/>\n&#8211; Alzheimer\/Demenz<br \/>\n&#8211; Schmerzerkrankungen<\/p>\n<p>Tanztherapeutisch liegt mein Schwerpunkt in der <strong>Psychosomatik<\/strong> und bei <strong>psychiatrischen Krankheitsbildern.<\/strong><br \/>\nIn meiner <strong>langj\u00e4hrigen klinischen T\u00e4tigkeit als Tanztherapeutin<\/strong> an Psychiatrien, konnte ich ein breites Wissen unterschiedlicher Krankheitsbilder und viel an Erfahrung in meiner k\u00f6rpertherapeutischen Arbeit erlangen.<\/p>\n<p>Ich kann Ihnen mit meiner Therapie zu mehr <strong>Lebensfreude, Selbtbewu\u00dftsein, K\u00f6rper- und Selbstwahrnehmung, Energie und Stabilit\u00e4t <\/strong>verhelfen. Als personenzentrierte Therapeutin arbeite ich ressourcenorientiert, indem ich Ihre sch\u00f6pferischen Kr\u00e4fte mit Hilfe kreativer Prozesse begleite und ihre\u00a0 Selbstheilungskr\u00e4fte aktiviere. In meinen Seminaren gehen wir in spielerischer und kreativer Weise dem\u00a0 <strong>Verstehen und Verarbeiten von Gef\u00fchlen und Beziehungen <\/strong>auf den Grund. Sie erfahren \u00fcber das Erleben und Agieren in der Bewegung, Ihren pers\u00f6nlichen\u00a0 Ausdruck f\u00fcr das Kennenlernen und Reflektieren Ihrer Pers\u00f6nlichkeit.<\/p>\n<p>Als <strong>psychologische Beraterin<\/strong> kann ich Ihnen eine <span style=\"color: #000000;\"><strong>Kurzzeitberatung\/Coaching\u00a0 <\/strong><\/span>mit hoher L\u00f6sungs- und Zielorientierung anbieten. Mein Schwerpunkt in dieser Arbeit liegt in der Bew\u00e4ltigung von Krisen, Pr\u00e4vention von Burnout, sowie in einem individuellen Coaching bei beruflichen Herausforderungen oder Neuorientierungsw\u00fcnschen.<\/p>\n<p>Ich stehe Ihnen gerne sowohl in therapeutischer, als auch in beratender Funktion im Einzelgespr\u00e4ch zur Verf\u00fcgung. In einem ersten Informationsgespr\u00e4ch k\u00f6nnen wir gemeinsam Ihre Bed\u00fcrfnisse ausloten und danach entscheiden welche Art der Unterst\u00fctzung f\u00fcr Sie geeigneter w\u00e4re.<br \/>\nTerminanfragen per mail an <a href=\"mailto:welcome@free2move.at\">welcome@free2move.at<\/a>\u00a0oder telefonisch <strong>0680 443 83 83<\/strong>.<\/p>\n<p>Interview des Bezirksblattes vom 22.3.2021 mit dem Titel &#8222;Tanzen gegen Depression&#8220;:<\/p>\n<p><a href=\"https:\/\/www.meinbezirk.at\/wienerwaldneulengbach\/c-gesundheit\/tanzen-gegen-die-depression_a4536719?fbclid=IwAR3061FvCewIt-02ZPUnqEliW7fOrao6TVFq5KZE2GBnq95IIhPXfyKgcTY\">https:\/\/www.meinbezirk.at\/wienerwaldneulengbach\/c-gesundheit\/tanzen-gegen-die-depression_a4536719?fbclid=IwAR3061FvCewIt-02ZPUnqEliW7fOrao6TVFq5KZE2GBnq95IIhPXfyKgcTY<\/a><\/p>\n<p><a title=\"Seelenradio\" href=\"http:\/\/www.free2move.at\/?page_id=450\" target=\"_blank\" rel=\"noopener\"><strong>&#8222;Das Seelenradio mit Doris Koller &#8211; Tanz und Therapie &#8211; Tanztherapie&#8220;<br \/>\nauf campus &amp; city radio 94,4<\/strong><\/a><\/p>\n<p><span style=\"color: #339966;\"><strong>Mein Artikel in der Zeitschrift &#8222;kontakt&#8220; der Kath. Frauenbewegung der Di\u00f6zese St. P\u00f6lten, Ausgabe 3\/2017, September-November<\/strong><\/span><\/p>\n<p><a href=\"http:\/\/www.free2move.at\/wp-content\/uploads\/2013\/04\/artikel_depression.pdf\">artikel_depression<\/a><\/p>\n<p><span style=\"color: #339966;\"><strong>Radio-Interview Kunst-Regional vom 4.11.2016 \u00fcber Tanz- Ausdruckstanz und Tanztherapie mit mir &#8211; zum Nachh\u00f6ren:<\/strong><\/span><\/p>\n<p style=\"text-align: center;\"><iframe loading=\"lazy\" style=\"border: none; overflow-y: scroll; width: 50%; height: 300px;\" src=\"https:\/\/cba.fro.at\/327536\/embed?&amp;title=false&amp;description=true&amp;series_link=true&amp;socialmedia=true\" width=\"50%\" height=\"300\"><\/iframe><\/p>\n<p><a href=\"http:\/\/www.free2move.at\/wp-content\/uploads\/2013\/04\/TANZTHERAPIE-Poster-Gmunden-\u00d6GPP-2015-PDF.pdf\">TANZTHERAPIE Poster Gmunden \u00d6GPP 2015 PDF<\/a><\/p>\n<p><img decoding=\"async\" loading=\"lazy\" src=\"http:\/\/www.free2move.at\/wp-content\/uploads\/2016\/11\/Download.jpg\" alt=\"\" width=\"720\" height=\"960\" \/><\/p>\n[caption id=\"attachment_770\" align=\"alignleft\" width=\"218\"]<a href=\"http:\/\/www.free2move.at\/wp-content\/uploads\/2013\/04\/N\u00d6N39_20131.jpg\"><img decoding=\"async\" loading=\"lazy\" class=\"size-medium wp-image-770\" src=\"http:\/\/www.free2move.at\/wp-content\/uploads\/2013\/04\/N\u00d6N39_20131-218x300.jpg\" alt=\"Nieder\u00f6sterreichische Nachrichten am 24.9.2013\" width=\"218\" height=\"300\" srcset=\"http:\/\/www.free2move.at\/wp-content\/uploads\/2013\/04\/N\u00d6N39_20131-218x300.jpg 218w, http:\/\/www.free2move.at\/wp-content\/uploads\/2013\/04\/N\u00d6N39_20131-744x1024.jpg 744w, http:\/\/www.free2move.at\/wp-content\/uploads\/2013\/04\/N\u00d6N39_20131.jpg 1700w\" sizes=\"(max-width: 218px) 100vw, 218px\" \/><\/a> Nieder\u00f6sterreichische Nachrichten am 24.9.2013[\/caption]\n","protected":false},"excerpt":{"rendered":"<p>Praxis &#8222;free2move-Doris Koller&#8220; Tanztherapie in Neulengbach und Wien \u00a0 Meine Angebote in meiner Praxis in Neulengbach und in 1120 Wien sind in den Bereichen: Stressmanagement Tanz- und Ausdruckstherapie Lehrtherapie, Supervision und Ausbildungen in Tanztherapie Psychologische Beratung Coaching Meine Leidenschaften waren schon immer das Tanzen und die Psychologie. Mit der Tanztherapie konnte ich beides miteinander verbinden. [&hellip;]<\/p>\n","protected":false},"author":1,"featured_media":0,"parent":0,"menu_order":0,"comment_status":"open","ping_status":"open","template":"page-templates\/full-width.php","meta":[],"_links":{"self":[{"href":"http:\/\/www.free2move.at\/index.php?rest_route=\/wp\/v2\/pages\/4"}],"collection":[{"href":"http:\/\/www.free2move.at\/index.php?rest_route=\/wp\/v2\/pages"}],"about":[{"href":"http:\/\/www.free2move.at\/index.php?rest_route=\/wp\/v2\/types\/page"}],"author":[{"embeddable":true,"href":"http:\/\/www.free2move.at\/index.php?rest_route=\/wp\/v2\/users\/1"}],"replies":[{"embeddable":true,"href":"http:\/\/www.free2move.at\/index.php?rest_route=%2Fwp%2Fv2%2Fcomments&post=4"}],"version-history":[{"count":427,"href":"http:\/\/www.free2move.at\/index.php?rest_route=\/wp\/v2\/pages\/4\/revisions"}],"predecessor-version":[{"id":1493,"href":"http:\/\/www.free2move.at\/index.php?rest_route=\/wp\/v2\/pages\/4\/revisions\/1493"}],"wp:attachment":[{"href":"http:\/\/www.free2move.at\/index.php?rest_route=%2Fwp%2Fv2%2Fmedia&parent=4"}],"curies":[{"name":"wp","href":"https:\/\/api.w.org\/{rel}","templated":true}]}}

<h3 style="text-align: center;"><strong><span style="color: #339966;">Praxis &#8222;free2move-Doris Koller&#8220;<br />
</span></strong><span style="color: #ff0000;"><a title="&quot;6 Rhythmen - Barfusstanz&quot;" href="http://www.free2move.at/?page_id=41"><span style="color: #ff0000;"><strong>Tanztherapie<br />
in Neulengbach und Wien</strong></span></a></span></h3>
<p style="text-align: center;"><a title="Seelenradio" href="http://www.free2move.at/?page_id=450" target="_blank" rel="noopener"><span style="color: #ff0000;"> </span></a></p>
<p><strong><strong>Meine </strong>Angebote in meiner <span style="color: #000000;">Praxis in Neulengbach </span>und in 1120 <span style="color: #000000;">Wien</span> sind in den Bereichen:</strong></p>
<ul>
<li>Stressmanagement</li>
<li>Tanz- und Ausdruckstherapie</li>
<li>Lehrtherapie, Supervision und Ausbildungen in Tanztherapie</li>
<li>Psychologische Beratung</li>
<li>Coaching</li>
</ul>
<p>Meine Leidenschaften waren schon immer das Tanzen und die Psychologie. Mit der Tanztherapie konnte ich beides miteinander verbinden. Nachdem ich lange als Bankkauffrau gearbeitet habe, absolvierte ich im zweiten Bildungsweg eine vierjährige, tiefenpsychologisch fundierte  Ausbildung zur <strong>Diplomierten Tanz- und Ausdruckstherapeutin (BTA)</strong>, sowie anschließend die Ausbildung zur <strong>Dipl. Lebens- und Sozialberaterin</strong>. Mein Wissen aus der Wirtschaft verbinde ich nun in meiner therapeutischen Arbeit und helfe vor allem Menschen, die sich <em>ausgebrannt, depressiv, traurig, leer, unsicher, müde, antriebslos</em> usw fühlen.<br />
In Einzeltherapien kann ich zur Prävention von <strong>Burnout</strong> und <strong>Depressionen, </strong>mein psychologisches und tanztherapeutisches Wissen in diesem Bereich umsetzen.</p>
<p>Ich arbeite ganzheitlich, mit Hilfe der Bewegungsanalyse nach Rudolf von Laban, mit <strong>kreativem</strong> <strong>Ausdruck, Körperwahrnehmung und der Bewegung</strong> und unterstütze Sie unter anderem bei :</p>
<p>&#8211; Psychosomatischen Beschwerden<br />
&#8211; Essstörungen<br />
&#8211; Krisen nach Trennungen/Scheidung/Tod<br />
&#8211; Mobbing am Arbeitsplatz<br />
&#8211; Burnout/Depression<br />
&#8211; Aggression/Autoaggression<br />
&#8211; Suchtproblemen<br />
&#8211; Neuorientierung<br />
&#8211; Steigerung des Selbstwertes<br />
&#8211; Schwierigkeiten sich abzugrenzen und &#8222;nein&#8220; zu sagen<br />
&#8211; Persönlichkeitsstörungen<br />
&#8211; Angst- und Zwangserkrankungen<br />
&#8211; Alzheimer/Demenz<br />
&#8211; Schmerzerkrankungen</p>
<p>Tanztherapeutisch liegt mein Schwerpunkt in der <strong>Psychosomatik</strong> und bei <strong>psychiatrischen Krankheitsbildern.</strong><br />
In meiner <strong>langjährigen klinischen Tätigkeit als Tanztherapeutin</strong> an Psychiatrien, konnte ich ein breites Wissen unterschiedlicher Krankheitsbilder und viel an Erfahrung in meiner körpertherapeutischen Arbeit erlangen.</p>
<p>Ich kann Ihnen mit meiner Therapie zu mehr <strong>Lebensfreude, Selbtbewußtsein, Körper- und Selbstwahrnehmung, Energie und Stabilität </strong>verhelfen. Als personenzentrierte Therapeutin arbeite ich ressourcenorientiert, indem ich Ihre schöpferischen Kräfte mit Hilfe kreativer Prozesse begleite und ihre  Selbstheilungskräfte aktiviere. In meinen Seminaren gehen wir in spielerischer und kreativer Weise dem  <strong>Verstehen und Verarbeiten von Gefühlen und Beziehungen </strong>auf den Grund. Sie erfahren über das Erleben und Agieren in der Bewegung, Ihren persönlichen  Ausdruck für das Kennenlernen und Reflektieren Ihrer Persönlichkeit.</p>
<p>Als <strong>psychologische Beraterin</strong> kann ich Ihnen eine <span style="color: #000000;"><strong>Kurzzeitberatung/Coaching  </strong></span>mit hoher Lösungs- und Zielorientierung anbieten. Mein Schwerpunkt in dieser Arbeit liegt in der Bewältigung von Krisen, Prävention von Burnout, sowie in einem individuellen Coaching bei beruflichen Herausforderungen oder Neuorientierungswünschen.</p>
<p>Ich stehe Ihnen gerne sowohl in therapeutischer, als auch in beratender Funktion im Einzelgespräch zur Verfügung. In einem ersten Informationsgespräch können wir gemeinsam Ihre Bedürfnisse ausloten und danach entscheiden welche Art der Unterstützung für Sie geeigneter wäre.<br />
Terminanfragen per mail an <a href="mailto:welcome@free2move.at">welcome@free2move.at</a> oder telefonisch <strong>0680 443 83 83</strong>.</p>
<p>Interview des Bezirksblattes vom 22.3.2021 mit dem Titel &#8222;Tanzen gegen Depression&#8220;:</p>
<p><a href="https://www.meinbezirk.at/wienerwaldneulengbach/c-gesundheit/tanzen-gegen-die-depression_a4536719?fbclid=IwAR3061FvCewIt-02ZPUnqEliW7fOrao6TVFq5KZE2GBnq95IIhPXfyKgcTY">https://www.meinbezirk.at/wienerwaldneulengbach/c-gesundheit/tanzen-gegen-die-depression_a4536719?fbclid=IwAR3061FvCewIt-02ZPUnqEliW7fOrao6TVFq5KZE2GBnq95IIhPXfyKgcTY</a></p>
<p><a title="Seelenradio" href="http://www.free2move.at/?page_id=450" target="_blank" rel="noopener"><strong>&#8222;Das Seelenradio mit Doris Koller &#8211; Tanz und Therapie &#8211; Tanztherapie&#8220;<br />
auf campus &amp; city radio 94,4</strong></a></p>
<p><span style="color: #339966;"><strong>Mein Artikel in der Zeitschrift &#8222;kontakt&#8220; der Kath. Frauenbewegung der Diözese St. Pölten, Ausgabe 3/2017, September-November</strong></span></p>
<p><a href="http://www.free2move.at/wp-content/uploads/2013/04/artikel_depression.pdf">artikel_depression</a></p>
<p><span style="color: #339966;"><strong>Radio-Interview Kunst-Regional vom 4.11.2016 über Tanz- Ausdruckstanz und Tanztherapie mit mir &#8211; zum Nachhören:</strong></span></p>
<p style="text-align: center;"><iframe loading="lazy" style="border: none; overflow-y: scroll; width: 50%; height: 300px;" src="https://cba.fro.at/327536/embed?&amp;title=false&amp;description=true&amp;series_link=true&amp;socialmedia=true" width="50%" height="300"></iframe></p>
<p><a href="http://www.free2move.at/wp-content/uploads/2013/04/TANZTHERAPIE-Poster-Gmunden-ÖGPP-2015-PDF.pdf">TANZTHERAPIE Poster Gmunden ÖGPP 2015 PDF</a></p>
<p><img decoding="async" loading="lazy" src="http://www.free2move.at/wp-content/uploads/2016/11/Download.jpg" alt="" width="720" height="960" /></p>
[caption id="attachment_770" align="alignleft" width="218"]<a href="http://www.free2move.at/wp-content/uploads/2013/04/NÖN39_20131.jpg"><img decoding="async" loading="lazy" class="size-medium wp-image-770" src="http://www.free2move.at/wp-content/uploads/2013/04/NÖN39_20131-218x300.jpg" alt="Niederösterreichische Nachrichten am 24.9.2013" width="218" height="300" srcset="http://www.free2move.at/wp-content/uploads/2013/04/NÖN39_20131-218x300.jpg 218w, http://www.free2move.at/wp-content/uploads/2013/04/NÖN39_20131-744x1024.jpg 744w, http://www.free2move.at/wp-content/uploads/2013/04/NÖN39_20131.jpg 1700w" sizes="(max-width: 218px) 100vw, 218px" /></a> Niederösterreichische Nachrichten am 24.9.2013[/caption]
