{"id":59,"date":"2013-04-07T14:59:26","date_gmt":"2013-04-07T12:59:26","guid":{"rendered":"http:\/\/www.free2move.at\/?page_id=59"},"modified":"2018-07-04T11:33:30","modified_gmt":"2018-07-04T09:33:30","slug":"uber-mich","status":"publish","type":"page","link":"http:\/\/www.free2move.at\/?page_id=59","title":{"rendered":"\u00dcber mich"},"content":{"rendered":"<h1>\u00dcber mich<\/h1>\n<p>Geboren in Wien als Mischung einer Tirolerin und eines Steirers, liegt mir die Natur, die Musik, das Tanzen und die Lebensfreude sehr am Herzen. Ich bin ein optimistischer Mensch und blicke mit Humor und Neugierde in die Zukunft.\u00a0 Als Mutter zweier erwachsener Kinder konnte ich als Alleinerzieherin viel an Lebenserfahrung sammeln. Nachdem ich \u00fcber 20 Jahre in den gr\u00f6\u00dften Banken \u00d6sterreichs gearbeitet habe, entschlo\u00df ich mich einen anderen Berufsweg einzuschlagen. Meine Leidenschaft waren schon immer das Tanzen und die Psychologie. Ob Ballet, Jazzdance, Modern, Afro, orientalischer Tanz, Butho, haitianischer Schlagentanz &#8211; ich tanze alle Tanzrichtungen mit Leidenschaft. Mit der Tanztherapie konnte ich beides verbinden. Somit absolvierte ich zun\u00e4chst die Ausbildung zur Tanzp\u00e4dagogin und anschlie\u00dfend schlo\u00df ich meine vierj\u00e4hrige, tiefenpsychologisch fundierte Ausbildung zur Dipl. Tanz- und Ausdruckstherapeutin ab.<br \/>\nErg\u00e4nzend absolvierte ich anschlie\u00dfend\u00a0 die Ausbildung zur pyschologischen Beraterin, um bei akuten Krisen und in beraterischer T\u00e4tigkeit unterst\u00fctzend wirken zu k\u00f6nnen.<br \/>\nDa ich viel Zeit meiner Kindheit in den Tiroler Bergen verbrachte und die Natur sehr sch\u00e4tze, entschloss ich mich 2012 von Wien nach Nieder\u00f6sterreich zu ziehen. In Neulengbach habe ich einen idealen, gro\u00dfen und sehr hellen Therapieraum gefunden, der mitten in der Natur, die n\u00f6tige Ruhe, Freundlichkeit und Helligkeit f\u00fcr mein breites Angebot bietet.<\/p>\n<h3>Ausbildung<\/h3>\n<ul>\n<li>Abschlu\u00df 2012\u00a0 zur <span style=\"color: #339966;\"><strong><em>Diplomierten Tanz- und Ausdruckstherapeutin (BTA)<\/em><\/strong>,<\/span> im Zentrum f\u00fcr Tanz- und Ausdruckstherapie, in Graz. Diplomarbeitsthema: \u201eTanztherapie mit Burnout-Patienten in einer Rehabilitationseinrichtung f\u00fcr psychische Erkrankungen\u201c<\/li>\n<li>Vorstandsmitglied<i> im <strong><span style=\"color: #339966;\">Berufsverband der Tanztherapeuten \u00d6sterreichs<\/span><\/strong>, <\/i><span style=\"color: #000000;\">der sich f\u00fcr die Wahrung und Weiterentwicklung der Qualit\u00e4tsstandards und berufsethischer Richtlinien einsetzt und die tanztherapeutische Theoriebildung durch Ausweitung von Forschung und Lehre f\u00f6rdert. (BTA)<\/span><\/li>\n<li><span style=\"color: #000000;\">Abschlu\u00df 2014 zur<\/span><strong><\/strong><em><strong><span style=\"color: #339966;\"> Diplomierten\u00a0 Lebens- und Sozialberaterin &#8211; psychologische Beraterin\u00a0<\/span><\/strong> <\/em>bei \u201epro mente Akademie\u201c, Wien, Diplomarbeitsthema: &#8222;Die vier Grundformen der Angst nach Riemann &#8211; ihre Bedeutung in der psychosozialen Beratung unter Ber\u00fccksichtigung k\u00f6rperorientierter Methoden&#8220;<\/li>\n<li>Tanz- und Gestalttherapie auf der Basis von Anna Halprins Life\/Art Process, Ulla Schorn (Berlin), Wels<\/li>\n<li>TATT &#8211; Traumaadaptierte Tanz- und Ausdruckstherapie, M\u00fcnchen<\/li>\n<li>Die Kraft der Kreist\u00e4nze im therapeutischen Setting, Europ\u00e4isches Zentrum f\u00fcr Tanztherapie, M\u00fcnchen<\/li>\n<li>Ausbildung\u00a0 zur <strong><span style=\"color: #339966;\"><em>Tanzp\u00e4dagogin<\/em><\/span><\/strong> in Graz<\/li>\n<li>Ausbildung zur<em> <strong><span style=\"color: #339966;\">Bankkauffrau<\/span> <\/strong><\/em>in Wien<\/li>\n<li>Ausbildung <span style=\"color: #339966;\"><strong>Validationsanwenderin nach Naomi Feil,<\/strong><span style=\"color: #000000;\"> Rotes Kreuz Wien<\/span> <em><br \/>\n<\/em><\/span><\/li>\n<\/ul>\n<h3>Berufserfahrung:<br \/>\naktuelle T\u00e4tigkeiten:<\/h3>\n<ul>\n<li>Tanztherapie in der Ameos Privatklinik f\u00fcr Psychosomatik und Psychotherapie<\/li>\n<li>Tanztherapie im Universit\u00e4tsklinikum Tulln, Tagesklinik der Erwachsenenpsychiatrie<\/li>\n<li>Tanztherapie im Universit\u00e4tsklinikum Tulln, stadion\u00e4re Erwachsenenpsychiatrie (Gerontopsychiatrische Gruppe)<\/li>\n<li>Tanztherapie bei der Caritas der Erzdi\u00f6zese Wien, Sozialpsychiatrisches Zentrum f\u00fcr Erwachsene mit psychotischer Erkrankung aus dem schizophrenen Formenkreis<\/li>\n<li>Tanztherapie im Pflegewohnhaus Meidling mit sozialmedizinischer Betreuung (Demenzgruppen)<\/li>\n<li>Trainerin im Bildungsforum Dr. Rampitsch in der Ausbildung zum Sozialp\u00e4dagogen\/In<\/li>\n<li>Tanztherapie mit Einzelklienten und Gruppen in freier Praxis<\/li>\n<li>Tanztherapeutische Seminare in Frauenzentren (z.B. St. P\u00f6lten) und verschiedenen Einrichtungen<\/li>\n<\/ul>\n<p>ehemalig:<\/p>\n<ul>\n<li>Tanztherapie im Psychiatrischen Krankenhaus Ybbs, Schwerpunkte: PTBS\/Trauma, Sucht, Borderline Syndrom<\/li>\n<li>Tanztherapie Tageseinrichtung f\u00fcr Senioren, Fonds soziales Wien<\/li>\n<li>Tanztherapie in einer Rehaklinik f\u00fcr psychosoziale Gesundheit mit dem Schwerpunkt Burnout (Vertretungen)<\/li>\n<li>Tanztherapie in einer heil- und sozialtherapeutischen Einrichtung f\u00fcr psychisch kranke Jugendliche und junge Erwachsene<\/li>\n<li>Seminare zur Stressbew\u00e4ltigung in der Wirtschaft, bei Banken und Versicherungen (zB. Allianz Versicherung)<\/li>\n<li>Praktikum als Tanztherapeutin in einer privaten Therapieeinrichtung f\u00fcr psychosomatische, psychische Erkrankungen und Personen mit Suchtproblematik<\/li>\n<li>Praktikum als Tanztherapeutin in einer Reha-Klink f\u00fcr psychische Erkrankungen mit dem Schwerpunkt Burnout\/Depression<\/li>\n<li>Kurse in \u201eMeditative Entspannung\u201c im Gesundheitszentrum des St. Josef Spital, Wien und bei Raiffeisenlandesbank N\u00d6-Wien. Kurse in \u201eModerner Ausdruckstanz\u201c und \u201eKreist\u00e4nze \u2013 Energiequelle und Lebensfreude\u201c in Wien<\/li>\n<\/ul>\n<h3>Kongresse \u2013 Tagungen &#8211; Fortbildungen<\/h3>\n<ul>\n<li>Jahreskongress 2018 Klinik Eggenburg &#8211; Aktuelle Konzepte zu Borderline und strukturell- verwandten St\u00f6rungen<\/li>\n<li>\u00d6sterreichische Tageskliniktagung im Universit\u00e4tsklinikum Tulln (2017)- praktische Anwendung der Tanztherapie<\/li>\n<li>Kongress &#8222;Therapieziele im Wandel &#8211; Neuoriertierung in der Behandlung psychischer Erkrankter&#8220; , Wien (2014)<\/li>\n<li>Studientage \u201eKomplexe Suchtarbeit\u201c Caritas Akademie, Graz (2013)<\/li>\n<li>&#8222;Umgang mit Menschen mit Mehrfachdiagnosen&#8220; Pro Mente Akademie (2012)<\/li>\n<li>\u201eLeibged\u00e4chtnis und Therapie\u201c Eine Begegnung von Ph\u00e4nomenologie und Therapie, Universit\u00e4tsklinik Heidelberg (2011)<\/li>\n<li>&#8222;Die Kraft der Bilder in Tanz und Therapie&#8220; \u00d6sterreichische Tagung f\u00fcr Tanztherapie, Leibnitz (2011)<!--[if gte mso 9]><xml>\n<w:WordDocument>\n<w:View>Normal<\/w:View>\n<w:Zoom>0<\/w:Zoom>\n<w:TrackMoves\/>\n<w:TrackFormatting\/>\n<w:DoNotShowRevisions\/>\n<w:DoNotPrintRevisions\/>\n<w:DoNotShowMarkup\/>\n<w:DoNotShowComments\/>\n<w:DoNotShowInsertionsAndDeletions\/>\n<w:DoNotShowPropertyChanges\/>\n<w:HyphenationZone>21<\/w:HyphenationZone>\n<w:PunctuationKerning\/>\n<w:ValidateAgainstSchemas\/>\n<w:SaveIfXMLInvalid>false<\/w:SaveIfXMLInvalid>\n<w:IgnoreMixedContent>false<\/w:IgnoreMixedContent>\n<w:AlwaysShowPlaceholderText>false<\/w:AlwaysShowPlaceholderText>\n<w:DoNotPromoteQF\/>\n<w:LidThemeOther>DE-AT<\/w:LidThemeOther>\n<w:LidThemeAsian>X-NONE<\/w:LidThemeAsian>\n<w:LidThemeComplexScript>X-NONE<\/w:LidThemeComplexScript>\n<w:Compatibility>\n<w:BreakWrappedTables\/>\n<w:SnapToGridInCell\/>\n<w:WrapTextWithPunct\/>\n<w:UseAsianBreakRules\/>\n<w:DontGrowAutofit\/>\n<w:SplitPgBreakAndParaMark\/>\n<w:DontVertAlignCellWithSp\/>\n<w:DontBreakConstrainedForcedTables\/>\n<w:DontVertAlignInTxbx\/>\n<w:Word11KerningPairs\/>\n<w:CachedColBalance\/>\n<\/w:Compatibility>\n<w:BrowserLevel>MicrosoftInternetExplorer4<\/w:BrowserLevel>\n<m:mathPr>\n<m:mathFont m:val=\"Cambria Math\"\/>\n<m:brkBin m:val=\"before\"\/>\n<m:brkBinSub m:val=\"&#45;-\"\/>\n<m:smallFrac m:val=\"off\"\/>\n<m:dispDef\/>\n<m:lMargin m:val=\"0\"\/>\n<m:rMargin m:val=\"0\"\/>\n<m:defJc m:val=\"centerGroup\"\/>\n<m:wrapIndent m:val=\"1440\"\/>\n<m:intLim m:val=\"subSup\"\/>\n<m:naryLim m:val=\"undOvr\"\/>\n<\/m:mathPr><\/w:WordDocument>\n<\/xml><![endif]--><\/li>\n<li>\u201e4th International Theatre Therapy Seminar \u2013 Shadow Work\u201c, Co-financed by the Eurpean Comission\u2019s Drug Prevention and Information Programme, Reichenau an der Rax (2010)<\/li>\n<li>\u201eInternational Congress on Movement Analysis in Education, Therapy and Science\u201c, in Freising\/Deutschland (2007)<\/li>\n<\/ul>\n<h3>\u00a0\u00a0Tanzerfahrungen:<\/h3>\n<ul>\n<li>4 j\u00e4hrige Tanzausbildung in Afrikanisch-Haitianischen Schlangentanz (bei Karin LaBel)<\/li>\n<li>Standard- und Lateinamerikanischer Tanz bis Goldstar (bei Ellmayer und Tanzschule Demel)<\/li>\n<li>5 Rhythmen nach Gabriele Roth<\/li>\n<li>Modern Express Dance (bei Isamel Ivo)<\/li>\n<li>Modern African Dance (bei Isamel Ivo)<\/li>\n<li>Butoh &#8211; japanischer Ausdrucktanz (bei Ko Murobushi)<\/li>\n<li>Orientalischer Bauchtanz (Barada,Wien)<\/li>\n<li>Free Dance (bei Francois Chaignaud und Cecilia Bengolea)<\/li>\n<li>Intensive Besch\u00e4ftigung mit Authentic Movement (u.a.Tina Stromsted\/San Francisco)<\/li>\n<li>Kreist\u00e4nze (Europ\u00e4isches Zentrum f\u00fcr Tanztherapie, M\u00fcnchen)<\/li>\n<li>Regelm\u00e4\u00dfige Teilnahme bei ImpulsTanz Wien<\/li>\n<li>Jazzdance<\/li>\n<li>Hipp Hopp (Daybee Dorzile)<\/li>\n<li>Argentinischer Tango<\/li>\n<li>Tanzimprovisation<\/li>\n<li>Ballett (als Kind)<\/li>\n<\/ul>\n","protected":false},"excerpt":{"rendered":"<p>\u00dcber mich Geboren in Wien als Mischung einer Tirolerin und eines Steirers, liegt mir die Natur, die Musik, das Tanzen und die Lebensfreude sehr am Herzen. Ich bin ein optimistischer Mensch und blicke mit Humor und Neugierde in die Zukunft.\u00a0 Als Mutter zweier erwachsener Kinder konnte ich als Alleinerzieherin viel an Lebenserfahrung sammeln. Nachdem ich [&hellip;]<\/p>\n","protected":false},"author":1,"featured_media":0,"parent":56,"menu_order":1,"comment_status":"closed","ping_status":"closed","template":"","meta":[],"_links":{"self":[{"href":"http:\/\/www.free2move.at\/index.php?rest_route=\/wp\/v2\/pages\/59"}],"collection":[{"href":"http:\/\/www.free2move.at\/index.php?rest_route=\/wp\/v2\/pages"}],"about":[{"href":"http:\/\/www.free2move.at\/index.php?rest_route=\/wp\/v2\/types\/page"}],"author":[{"embeddable":true,"href":"http:\/\/www.free2move.at\/index.php?rest_route=\/wp\/v2\/users\/1"}],"replies":[{"embeddable":true,"href":"http:\/\/www.free2move.at\/index.php?rest_route=%2Fwp%2Fv2%2Fcomments&post=59"}],"version-history":[{"count":99,"href":"http:\/\/www.free2move.at\/index.php?rest_route=\/wp\/v2\/pages\/59\/revisions"}],"predecessor-version":[{"id":1454,"href":"http:\/\/www.free2move.at\/index.php?rest_route=\/wp\/v2\/pages\/59\/revisions\/1454"}],"up":[{"embeddable":true,"href":"http:\/\/www.free2move.at\/index.php?rest_route=\/wp\/v2\/pages\/56"}],"wp:attachment":[{"href":"http:\/\/www.free2move.at\/index.php?rest_route=%2Fwp%2Fv2%2Fmedia&parent=59"}],"curies":[{"name":"wp","href":"https:\/\/api.w.org\/{rel}","templated":true}]}}